{"id":2062,"date":"2014-05-09T13:47:35","date_gmt":"2014-05-09T11:47:35","guid":{"rendered":"https:\/\/waldwelten.sawah.mobi\/?page_id=2062"},"modified":"2019-11-19T14:44:18","modified_gmt":"2019-11-19T13:44:18","slug":"altholz-totholz","status":"publish","type":"page","link":"https:\/\/waldwelten.sawah.mobi\/?page_id=2062","title":{"rendered":"Altholz und Totholz"},"content":{"rendered":"<p>Vielen Waldb\u00e4umen ist ein langes Leben beschieden, aber auch das geht einmal zu Ende. So wird die Rotbuche 300 bis maximal 400 Jahre alt. Solch alte B\u00e4ume sind in den heutigen Wirtschaftsw\u00e4ldern aber kaum anzutreffen, denn normalerweise wird die Buche im Alter von 120 Jahren eingeschlagen. Ganz anders sieht es im Naturwald aus \u2013 dort sind alte und abgestorbene B\u00e4ume regelm\u00e4\u00dfig vorzufinden. Ihnen kommt eine gro\u00dfe Bedeutung zu, denn sie sind Lebensraum und Nahrungssubstrat f\u00fcr zahlreiche Tier- und Pilzarten.<\/p>\n<p>Zusammen mit den Bakterien sind es die Pilze, die daf\u00fcr Sorge tragen, dass schwer zersetzbare organische Substanzen wie das Lignin aufgeschlossen und abgebaut werden. So wird das Holz dem N\u00e4hrstoffkreislauf zur\u00fcckgef\u00fchrt. Zu den Zersetzern geh\u00f6rt auch der Zunderschwamm, der mehrj\u00e4hrige, konsolenf\u00f6rmige Fruchtk\u00f6rper ausbildet. Die Pilze zeigen \u00fcbrigens den sogenannten Geotropismus. Das hei\u00dft, dass neu zuwachsende Fruchtschichten mit der Unterseite zum Erdboden ausgerichtet werden. St\u00fcrzt der Wirtsbaum um, werden die neuen Fruchtschichten oder neue Fruchtk\u00f6rper um etwa 90\u00b0 gegen\u00fcber den schon vorhandenen ausgebildet.<\/p>\n<p>Um den Totholz-Spezialisten das \u00dcberleben im Wirtschaftswald zu erm\u00f6glichen, werden von den F\u00f6rstern bewusst ausgew\u00e4hlte B\u00e4ume als sogenannte \u201eMethusalems\u201c im Bestand belassen. Gut besonntes starkes Tot- und Altholz ist \u00fcbrigens auch Voraussetzung f\u00fcr das Vorkommen spezialisierter K\u00e4ferarten wie dem Hirschk\u00e4fer, Eichenbock oder Eremit. Die Larven dieser K\u00e4fer ern\u00e4hren sich \u00fcber viele Jahre von verrottendem Holz.<\/p>","protected":false},"excerpt":{"rendered":"<p>Vielen Waldb\u00e4umen ist ein langes Leben beschieden, aber auch das geht einmal zu Ende. So wird die Rotbuche 300 bis maximal 400 Jahre alt. Solch alte B\u00e4ume sind in den heutigen Wirtschaftsw\u00e4ldern aber kaum anzutreffen, denn normalerweise wird die Buche im Alter von 120 Jahren eingeschlagen. Ganz anders sieht es im Naturwald aus \u2013 dort [&hellip;]<\/p>\n","protected":false},"author":1,"featured_media":2143,"parent":0,"menu_order":0,"comment_status":"closed","ping_status":"closed","template":"","meta":{"ngg_post_thumbnail":0},"_links":{"self":[{"href":"https:\/\/waldwelten.sawah.mobi\/index.php?rest_route=\/wp\/v2\/pages\/2062"}],"collection":[{"href":"https:\/\/waldwelten.sawah.mobi\/index.php?rest_route=\/wp\/v2\/pages"}],"about":[{"href":"https:\/\/waldwelten.sawah.mobi\/index.php?rest_route=\/wp\/v2\/types\/page"}],"author":[{"embeddable":true,"href":"https:\/\/waldwelten.sawah.mobi\/index.php?rest_route=\/wp\/v2\/users\/1"}],"replies":[{"embeddable":true,"href":"https:\/\/waldwelten.sawah.mobi\/index.php?rest_route=%2Fwp%2Fv2%2Fcomments&post=2062"}],"version-history":[{"count":4,"href":"https:\/\/waldwelten.sawah.mobi\/index.php?rest_route=\/wp\/v2\/pages\/2062\/revisions"}],"predecessor-version":[{"id":2267,"href":"https:\/\/waldwelten.sawah.mobi\/index.php?rest_route=\/wp\/v2\/pages\/2062\/revisions\/2267"}],"wp:featuredmedia":[{"embeddable":true,"href":"https:\/\/waldwelten.sawah.mobi\/index.php?rest_route=\/wp\/v2\/media\/2143"}],"wp:attachment":[{"href":"https:\/\/waldwelten.sawah.mobi\/index.php?rest_route=%2Fwp%2Fv2%2Fmedia&parent=2062"}],"curies":[{"name":"wp","href":"https:\/\/api.w.org\/{rel}","templated":true}]}}