{"id":2088,"date":"2014-05-09T19:16:47","date_gmt":"2014-05-09T17:16:47","guid":{"rendered":"https:\/\/waldwelten.sawah.mobi\/?page_id=2088"},"modified":"2019-11-20T07:40:03","modified_gmt":"2019-11-20T06:40:03","slug":"lebensraeume","status":"publish","type":"page","link":"https:\/\/waldwelten.sawah.mobi\/?page_id=2088","title":{"rendered":"Lebensr\u00e4ume"},"content":{"rendered":"<p>Orchideenreiche Buchenw\u00e4lder, bizarre Felsen und naturnahe Bachl\u00e4ufe, buntbl\u00fchende Magerrasen, sonnendurchflutete Wacholderheiden und geheimnisvolle Moore: Das ist \u201eErlesene Natur\u201c im Kulturland Kreis H\u00f6xter. Hier ist das europaweite Netz sch\u00fctzenswerter Lebensr\u00e4ume unter dem Stichwort NATURA 2000 besonders engmaschig gekn\u00fcpft.<\/p>\n<p>Auf insgesamt 8.400 Hektar leben viele seltene Tiere unseres europ\u00e4ischen Naturerbes. Hirschk\u00e4fer,&nbsp;Grau- und Mittelspecht, Haselmaus und Wildkatze&nbsp;und auch Flederm\u00e4use wie das Gro\u00dfe Mausohr besiedeln die W\u00e4lder. In Felsnischen br\u00fcten Uhu und Wanderfalke, Zauneidechse und Schlingnatter sonnen sich auf offenen Magerrasen. In der Welt&nbsp;des Wassers sind Groppe, Kammmolch, Laubfrosch und der farbenpr\u00e4chtige Eisvogel zu Hause und am Himmel der vielf\u00e4ltigen Kulturlandschaft kreisen Rot- und Schwarzmilan.<\/p>","protected":false},"excerpt":{"rendered":"<p>Orchideenreiche Buchenw\u00e4lder, bizarre Felsen und naturnahe Bachl\u00e4ufe, buntbl\u00fchende Magerrasen, sonnendurchflutete Wacholderheiden und geheimnisvolle Moore: Das ist \u201eErlesene Natur\u201c im Kulturland Kreis H\u00f6xter. Hier ist das europaweite Netz sch\u00fctzenswerter Lebensr\u00e4ume unter dem Stichwort NATURA 2000 besonders engmaschig gekn\u00fcpft. Auf insgesamt 8.400 Hektar leben viele seltene Tiere unseres europ\u00e4ischen Naturerbes. Hirschk\u00e4fer,&nbsp;Grau- und Mittelspecht, Haselmaus und Wildkatze&nbsp;und auch [&hellip;]<\/p>\n","protected":false},"author":1,"featured_media":2110,"parent":0,"menu_order":0,"comment_status":"closed","ping_status":"open","template":"","meta":{"ngg_post_thumbnail":0},"_links":{"self":[{"href":"https:\/\/waldwelten.sawah.mobi\/index.php?rest_route=\/wp\/v2\/pages\/2088"}],"collection":[{"href":"https:\/\/waldwelten.sawah.mobi\/index.php?rest_route=\/wp\/v2\/pages"}],"about":[{"href":"https:\/\/waldwelten.sawah.mobi\/index.php?rest_route=\/wp\/v2\/types\/page"}],"author":[{"embeddable":true,"href":"https:\/\/waldwelten.sawah.mobi\/index.php?rest_route=\/wp\/v2\/users\/1"}],"replies":[{"embeddable":true,"href":"https:\/\/waldwelten.sawah.mobi\/index.php?rest_route=%2Fwp%2Fv2%2Fcomments&post=2088"}],"version-history":[{"count":6,"href":"https:\/\/waldwelten.sawah.mobi\/index.php?rest_route=\/wp\/v2\/pages\/2088\/revisions"}],"predecessor-version":[{"id":2275,"href":"https:\/\/waldwelten.sawah.mobi\/index.php?rest_route=\/wp\/v2\/pages\/2088\/revisions\/2275"}],"wp:featuredmedia":[{"embeddable":true,"href":"https:\/\/waldwelten.sawah.mobi\/index.php?rest_route=\/wp\/v2\/media\/2110"}],"wp:attachment":[{"href":"https:\/\/waldwelten.sawah.mobi\/index.php?rest_route=%2Fwp%2Fv2%2Fmedia&parent=2088"}],"curies":[{"name":"wp","href":"https:\/\/api.w.org\/{rel}","templated":true}]}}